((-48)/28)). Suppose 0 = -9*a + z*a + 12918. Is a a prime number?
False
Let x be 1 + 123 - 25/((-50)/(-8)). Suppose 2013 = 123*p - x*p. Is p composite?
True
Let m = -140331 - -443222. Is m a prime number?
True
Suppose 16*a + 26*a = -2*a + 3605492. Is a composite?
False
Suppose 0 = -4*b - 2*b + 18. Suppose z - 2*z = -b*m - 12, 2*z - 9 = m. Suppose -z*p = -p - 2510. Is p composite?
True
Let y(w) = -4*w**3 - 9*w**2 - 36*w + 2452. Is y(-45) a composite number?
False
Let r(n) be the second derivative of 3*n**5/10 + 5*n**4/24 + 11*n**3/6 - 5*n**2 + 8*n. Let z(b) be the first derivative of r(b). Is z(6) prime?
False
Suppose -t + 3129 = 4*c, 2*c = c + t + 776. Suppose -21*z + 4876 + 920 = 0. Let h = c - z. Is h a composite number?
True
Let s = 43612 - -52947. Is s prime?
False
Suppose 0 = -5*c + 5*a + 6496782 - 603072, 0 = 3*c - 2*a - 3536227. Is c a composite number?
False
Let w(u) = 5*u**2 + 12*u - 20. Suppose 3*r - 13 = -7. Let j(x) = -11*x**2 - 23*x + 41. Let y(a) = r*j(a) + 5*w(a). Is y(-11) prime?
True
Suppose 18*g - 139197 = 15*g. Is g prime?
True
Suppose -13*g = -q - 1420290, g - 8*q = -6*q + 109255. Is g a prime number?
True
Let h(g) = g + 8. Let u be h(-2). Let q be u/(-6)*3 - (2 - 1). Is (33/(-24)*-118)/((-1)/q) a composite number?
True
Let n = -517 - -517. Suppose -2*h = -3*h - 3*l + 15599, 5*l + 20 = n. Is h a composite number?
True
Suppose 3*s - 170864 = -5*i, -s = -2*i + 46103 + 22236. Is i composite?
False
Let g = -121022 - -224313. Is g a prime number?
True
Suppose -6*f + 768 = -3*f. Let q be 19/38*f/(-1). Let t = -69 - q. Is t a composite number?
False
Let q be (48*6)/(3/68). Let k = q + -3263. Suppose 4*c - k = 3*c + 2*b, 0 = 5*b. Is c composite?
True
Let i(u) = 1552*u**3 + 17*u**2 - 76*u + 12. Is i(5) a prime number?
True
Suppose -1 = -7*j + 5*j - r, -5*j - 2*r = 0. Let b be ((4/6)/j)/(5/(-60)). Suppose 6*k - 2*k = -2*x + 2952, -b*k + 2938 = -5*x. Is k prime?
False
Suppose w - 3*v - 127735 = -35935, 3*w + 5*v - 275400 = 0. Is (w/48)/(1/2) - -1 composite?
True
Let l(u) be the third derivative of 4861*u**5/60 + 43*u**2. Is l(1) a composite number?
False
Let m be 0/((2/3)/(6/(-9))). Suppose 3*g - v + 2841 = m, 1422 + 1434 = -3*g - 4*v. Let o = g - -1417. Is o a composite number?
True
Is (7 + -454881)/(23 - 25) a composite number?
True
Let t(g) = 149*g**2 - 12*g - 2. Suppose -1 + 6 = -3*h + 4*b, -5*b + 40 = 3*h. Let l be t(h). Is 5*(-20)/(-25) + l prime?
False
Suppose 0 = -114*b + 106*b + 45360. Let m = b + 271. Is m a prime number?
False
Let y(a) be the first derivative of 2*a**2 + 41*a - 1420. Suppose d = -5*o - 2, -3*o - 4 = -d - 6*o. Is y(d) composite?
True
Let w be 2*(-2)/28 - (-308)/98. Suppose 5*k + 4799 = -h + 3*h, 3*h = w*k + 7203. Let v = -1265 + h. Is v composite?
True
Is 63951744/(-128)*(-1 - 0)*1 a prime number?
False
Let f be 8/2*(1 + 0). Suppose f = m + m. Suppose -2*l - 3*l = -m*u + 1979, 0 = 4*l + 20. Is u composite?
False
Let k = 36 + 54. Let y = -77 + k. Suppose -1937 = -y*q + 3510. Is q a composite number?
False
Let d = 45 - 26. Let y(h) be the second derivative of h**4/4 - 5*h**3 + 22*h**2 - 320*h. Is y(d) a composite number?
False
Let g(h) = 103*h**3 + 18*h**2 + 56*h - 952. Is g(13) composite?
True
Let j(t) = t**3 + 9*t**2 - 2*t - 9. Let p = 29 + -38. Let y be j(p). Suppose 8*v - y*v + 331 = 0. Is v a composite number?
False
Let r be (-4 + 22332 + 0)*5. Suppose -3*l = -3*h - 32704 + r, 0 = -h - 3*l + 26300. Is h prime?
True
Is 3/((-30)/70) - -412292 a composite number?
True
Let d(z) = 478668*z - 589. Is d(5) prime?
True
Let y be (9/(-6))/(15/(-20)) - -1. Suppose -8 = -4*p - 2*q, -y*p - 2*q + 0 = -8. Suppose p*z + 658 = 7*z. Is z prime?
False
Suppose 2*y = -4*f + 1687790, 64*y - 4*f + 843907 = 65*y. Is y a composite number?
False
Suppose j = 4*z + 21, -3*z + 0*j + 4*j - 6 = 0. Is z - 28/(-8)*4942 a prime number?
True
Is 5/(((-1)/3)/(16/48)) + 32542 a composite number?
False
Suppose -20*a + a = 37*a - 1479464. Is a a prime number?
False
Let j = 259309 - 130718. Is j prime?
True
Let v(o) = -o**2 - 18*o - 13. Let n(c) = c + 1. Let q(r) = -4*n(r) + v(r). Let h be q(-21). Suppose 2*k + 8659 = 7*k - 2*y, 5*y - 6947 = -h*k. Is k composite?
False
Is ((-35)/(-21)*(-52604)/10)/((-14)/21) a composite number?
False
Let k = -30820 + 163409. Is k prime?
True
Let f(w) = -w**2 - 351. Let c be f(0). Let n be (-27)/99 - 22344/231. Let x = n - c. Is x a prime number?
False
Let v = 845108 - 560037. Is v a prime number?
True
Suppose -2*b + 57860 = 3*j, 5*b - 132*j - 144661 = -134*j. Is b a composite number?
False
Let u = -21001 - -41662. Let i = u - 4714. Is i prime?
False
Suppose -10*t = -15*t + 100. Suppose -25*y = -t*y - 1535. Is y prime?
True
Suppose 2*d = 172*b - 177*b + 30437, -4*d + 2*b = -60886. Is d a composite number?
True
Let o(g) = -6*g - g**3 + 42 + 3*g**3 - 14*g**2 - 41. Is o(10) a composite number?
False
Suppose 5*h + 190609 - 534633 = -n, 3*h = 4*n - 1376165. Is n composite?
False
Suppose -2*z + 12*j - 7*j = -31, 4*z + 13 = -5*j. Suppose -7*c + 163148 = -z*c. Is c a composite number?
False
Let g(r) = 27*r**2 - 80*r - 103. Is g(-36) composite?
True
Suppose -15*m + 575 = -10*m. Suppose -122*y = -m*y - 23359. Is y composite?
True
Suppose 22 + 6 = -2*k + 2*c, 3*c = -2*k - 43. Let m(l) = 4*l**2 - 2*l - 103. Is m(k) composite?
False
Let y(f) = f**3 + 13*f**2 + 12*f - 4. Let x be y(-12). Let m(v) = -35*v - 19. Let p be m(x). Suppose 2*h - p = -i, i = -5*h + 2*i + 292. Is h prime?
True
Suppose -95871 = 31*j - 4842002. Is j a composite number?
True
Suppose 6*n - 11964 = 2*n. Suppose 5*b + w - n = 0, 2 + 2 = 4*w. Suppose 2*i - 302 = -2*u + b, -3*i + u = -1330. Is i a prime number?
False
Let l(w) = -w**3 - 77*w**2 + 56*w - 6189. Is l(-89) a composite number?
True
Let t(r) = r + 1. Let b(a) = 46*a - 67. Let p(w) = b(w) + 3*t(w). Is p(27) a prime number?
True
Suppose -2*w + 3*i + 1279126 = 0, -85*w - 2*i + 3837422 = -79*w. Is w a composite number?
True
Let z be -4 + (-7)/((-28)/(-25512)). Let c = -3219 - z. Is c composite?
False
Suppose 162 = 4*u + 5*u. Let o = -18 + u. Suppose 5*s - 1065 - 3470 = o. Is s prime?
True
Let l(o) = 478*o**2 - 3*o + 4. Let g be (-3 - -2 - -1)*1. Suppose i - 5*y - 6 = g, 0 = -i + y - 3*y - 1. Is l(i) prime?
True
Let d(x) = -2*x - 20. Let w be d(-12). Suppose 4 = 15*o + w. Suppose o = -2*k - 3*l + 3106, -2*l = -4*k + l + 6248. Is k composite?
False
Suppose -2*m = d + 3, 2*m - 3 = -5*d + 2*d. Is ((-2)/d)/((-32)/111408) a composite number?
True
Let s(r) be the third derivative of r**6/120 - r**5/20 - 19*r**4/12 - 23*r**3/6 + 2*r**2 - 9*r. Is s(17) a prime number?
False
Suppose v - 33*v = 10*v - 278292. Is v prime?
False
Suppose -32*x - 28*x + 2565063 = -3479757. Is x a prime number?
True
Suppose 3*d + 3 = 4*x, -3*x + x + d = -3. Suppose -5*c = f, -x*f + 4*c = -10 - 9. Suppose -31 = -f*g + 2234. Is g prime?
False
Suppose 0 = -f + 5*x + 190, 2*f + x - 90 = 345. Suppose -6*z = -4649 + f. Is z composite?
False
Let j = -206 + 200. Let c(z) = 171*z**2 + 31*z + 157. Is c(j) a composite number?
True
Let h = 36 - 33. Suppose -3 = -4*c + p, -h*p + 25 = 5*c - 0*p. Is (c + -381)*(-2 + 4 - 3) a prime number?
True
Let n(w) = 159*w**3 + 22*w**2 + 55*w - 1397. Is n(18) a composite number?
False
Let d be (-1 + -60)/(8/624*-3). Let a = d + 191. Is a a composite number?
False
Suppose 4*x = -3*l + 80, 2*l + 4*x = -0*l + 60. Suppose -5*r = -3*k + 34, 2*k - 6 = 4*r + l. Suppose 3*a + 7*h - 2861 = 6*h, -4*a - k*h = -3818. Is a composite?
False
Let b(s) = 140*s + 7. Let z(f) = -560*f - 27. Let p(n) = -18*b(n) - 4*z(n). Let o be p(-12). Suppose m - 2*a + 309 = 1412, -o = -3*m - 5*a. Is m a prime number?
True
Suppose 0 = 4*c - 21 + 1, 4*j - 3*c + 23 = 0. Let s be (3 + j)/((-7)/(-21)). Suppose -3*u + 2*x + 0*x = -7277, u - s*x = 2414. Is u a composite number?
True
Let c(i) = -3*i**2 + 10*i - 3. Let p be c(3). Suppose p = -4*x - 4*n + 996, -760 = -3*x - n - 5. Is x a composite number?
True
Let u be -1 + -15248 - (-34 - -36). Let q = u - -25888. Is q a composite number?
True
Suppose 36*b = 80*b - 16288756. Is b a prime number?
True
Let t(x) = 8*x + 42. Let h be t(-5). Suppose -h*l = -4*w + 5116, 5*l + 12 = 2*l. Is w prime?
True
Let y = 543 + -536. Suppose -32999 = -4*d - n, 9*d - 5*n = y*d + 16483. Is d a composite number?
True
Let